h + 32 = 4*h. Let s be ((-12)/9)/(h/(-12)). Suppose p + 365 = s*p. Is p a prime number?
False
Let r(k) = -191*k**3 - 3*k - 3. Let a be r(-2). Suppose 0 = -2*t - o + 1521, t + t = o + a. Is t composite?
True
Let k(m) = m**2 + 8*m - 13. Let z be k(-9). Let g(w) = -w + 34. Let l be g(22). Is (28/(-8) - z)*l a prime number?
False
Suppose 0 = 3*b - 36 - 93. Suppose 2*l - 1 = b. Is l a prime number?
False
Let b(n) = -733*n + 4. Is b(-3) a prime number?
True
Is -4 + (194904/14 - 4/(-14)) a composite number?
True
Suppose 5*k + 11 = -3*n, -k = -3*n + 7*n - 8. Suppose -3*c - 15 = -n. Is ((-67)/(-2))/(c/(-8)) a prime number?
True
Let g(w) = -10*w + 5*w - 13 - 7*w**2 + 28*w**2 + 18*w**2. Is g(6) prime?
True
Let h(y) = -29*y**2 + 2*y. Let c be h(-4). Let v = -266 - c. Is v a composite number?
True
Suppose 3*j - 4 + 1 = 0. Suppose -2*n = -3*r, -2*r - 3*r = -3*n - j. Suppose 3*h - r*p = 2*h + 157, 0 = -p. Is h composite?
False
Suppose -15*a + 48*a = 3400815. Is a a prime number?
False
Suppose 2*u - 4*v - 12 = 0, -3*u = -4*v + v - 15. Suppose -u*t - 18 = -3*y, 5*t + 9 + 6 = 0. Is (-8 + 9)/(y/114) a prime number?
False
Let u = 3496 + 3558. Is u a composite number?
True
Let o be -1 + 1 + (-36)/9. Let v be ((-4)/7)/(o/14). Is 3*(v + (-381)/(-9)) composite?
True
Let r = -81 - -70. Is (-557)/4*(r + 6/2) prime?
False
Let z = -21 - -24. Let k be ((-678)/4)/((-4)/8). Suppose z*c - k = 132. Is c composite?
False
Let j(c) = 1804*c + 577. Is j(10) prime?
True
Let h be (-472)/(-6)*(-102)/(-4). Suppose -h - 632 = -2*k. Is k a composite number?
False
Let v = -5 - -5. Suppose -25 = -5*w, v = p - 2*w - 0*w - 67. Is p prime?
False
Suppose h - 1 = 2*h, 5*l - 3*h + 757 = 0. Let z = l + 279. Is z a prime number?
True
Suppose 0 = -2*l - p - 3*p + 164, 4*p + 438 = 5*l. Suppose 2*s - 4*s = -l. Is s a prime number?
True
Let j = -1049 - -2416. Is j a composite number?
False
Let y = 1549 - 1092. Is y prime?
True
Suppose a + 14 = -w + 4*w, -5*w - 4*a + 46 = 0. Suppose d - 2*l = 5 - 1, -d - w = -4*l. Suppose -461 + d = -3*g. Is g a prime number?
True
Suppose 3*l = -510 + 6792. Let t = l - 1117. Is t composite?
False
Let l be (-3 + -2)/5 + -22. Let x = -20 - l. Suppose -x*g + 2290 = -2153. Is g a composite number?
False
Let r be 225 - (3 - (4 + 1))/(-1). Let n = 70 + r. Is n composite?
False
Suppose -5*u - 36 = -4*t - 15, 3*t = -3*u + 9. Suppose -3*p = i - 4697, -t*p + 7*p - 4721 = 5*i. Is p composite?
False
Let k(v) = -5*v - 16. Let w = 133 - 80. Suppose -5*u + 18 = w. Is k(u) a prime number?
True
Is ((-93)/12)/(6/(-7944)) composite?
True
Is 6/15 + (-25786)/(-10) prime?
True
Is (8310/(-40))/(3/(-4)) composite?
False
Let u(l) be the third derivative of -17*l**6/8 + l**4/8 + l**3/3 + 6*l**2. Let t be u(-2). Let h = -1077 + t. Is h composite?
True
Let k = 11789 + -3016. Is k prime?
False
Suppose 52683 - 6487 = 4*d. Is d a prime number?
True
Let b be (-6)/2 + 2 - -4. Suppose b*n = 4*n - 2. Suppose -n*w - 25 = -199. Is w a prime number?
False
Is -58*1*(177/(-2) - -5) a prime number?
False
Let l(n) be the second derivative of 10*n**3/3 + 2*n**2 + n. Let w be l(3). Suppose 0*r + 3*p = -r + w, -5*r + 4*p = -415. Is r a prime number?
True
Let i(m) = m**3 - 4*m**2 - 3*m - 7. Let c be i(5). Let v(y) = 15*y**2 + 2*y - 4. Let j be v(c). Suppose -5*l = 0, -3*x + 2*l + 298 + j = 0. Is x composite?
True
Suppose 0 = 7*o - 2*o + 25. Let h(b) = -b**3 - 5*b**2 - 2*b. Is h(o) a composite number?
True
Let p be (-2 - 24/(-10))/((-2)/(-30)). Suppose -p*r = -5558 - 964. Is r a composite number?
False
Let h be 6/4*-861*22. Is h/(-45) - (-4)/(-10) a composite number?
False
Let j(r) = 92*r**2 + 22*r + 13. Is j(-5) a prime number?
True
Let u(r) = 7*r**2 - 9*r + 7. Let b be u(-8). Suppose o - 2*o - 314 = 0. Let j = o + b. Is j prime?
False
Is ((6 + -4)*-1)/((-4)/7754) composite?
False
Let g = -23 - -23. Suppose 491 = 3*d + 5*w + 154, 3*w + 12 = g. Is d prime?
False
Suppose 327252 = 21*g + 75651. Is g prime?
True
Let t(k) = 572*k**2 + 23*k + 46. Is t(-9) prime?
True
Let p(m) = 16*m**2 - 5*m - 235. Is p(20) composite?
True
Let g = -77 - -77. Suppose g = -97*f + 94*f + 7869. Is f prime?
False
Let g = 13446 - -21592. Is g a composite number?
True
Let i(x) = x**3 - 2*x**2 - 3*x - 19. Suppose 0 = 3*r - 2*w - 30, -2*r - r = w - 30. Is i(r) composite?
False
Is 22446 - 11 - (-18)/(-2) composite?
True
Suppose 0 = 7*p - 17487 - 50252. Is p composite?
False
Suppose 4*v = -0*v + 3*v. Let w(p) = -3*p + 979. Is w(v) a composite number?
True
Suppose 0 = 2*o - 3*u - 175, 6*o + 455 = 11*o - 4*u. Is (-7090)/(-4)*(-3 - o/(-25)) composite?
True
Let m = -445 + -981. Let z = -977 - m. Is z a composite number?
False
Let i = 14416 + -6907. Is i a composite number?
True
Let c(f) = 22*f**2 + 7*f - 250. Is c(29) a composite number?
True
Suppose x - 10 = -7. Suppose -5*m + 3*c + 4321 = 0, m - 676 = x*c + 193. Is m a composite number?
False
Suppose -2*i + 13798 = 2*r + 1414, i - 12385 = -2*r. Is r a prime number?
False
Is 1902/2 - -3 - (3 - 7) a prime number?
False
Suppose -1567 - 422 = -3*c. Let j = c - -134. Is j composite?
False
Suppose 0 = 2*p - 3*i + 47 - 181, 0 = p + 2*i - 74. Suppose 4*d + 100 = 4*z - 64, -2*d = 2*z - p. Is z prime?
False
Suppose 127 = -f + 26. Let c = f + 160. Is c a prime number?
True
Suppose 4*m - 11 = 2*x + 369, -3*m = 2*x - 299. Is m a prime number?
True
Is (7083/(-6))/((-15)/50) composite?
True
Let d be (-6)/(-12) + 4802/4. Suppose -d = 8*f - 3209. Is f composite?
False
Suppose -5*d + d = -8. Suppose d*z = 7*z - 20. Suppose -2*k + 1795 = -0*m - 3*m, -z*k - 4*m + 3600 = 0. Is k a composite number?
True
Let w(z) = -6*z**2 + z + 5. Let u be w(-3). Let s be (-2197)/u + 1/(-4). Let j = 293 - s. Is j a composite number?
False
Let o(i) = 14*i**3 - 4*i**2 + 3*i - 2. Let d be o(2). Suppose -d + 3255 = 5*g. Is g a prime number?
True
Let w be 84/15 - (-8)/20. Let l be (-6)/(-9)*w*2. Is 4/(l/103)*2 prime?
True
Suppose v = -3*r, 8*r - 3*r + 16 = v. Let m(w) = 28*w**3 - w**2 - 5. Is m(v) prime?
True
Let l be ((-8)/(-8))/((-1)/205). Let a = -66 - l. Is a a composite number?
False
Suppose -p + 5 = -0*p. Suppose -p*o + 26 = -r, -5*o - 5 + 29 = r. Is (-1 + -2)/r - -748 a prime number?
True
Let a = -20573 - -31686. Is a a prime number?
True
Let g = 201606 + -117917. Is g composite?
False
Suppose -15 + 105 = s. Let b = -18 - s. Let d = b + 167. Is d a composite number?
False
Let z(p) = -p**3 - 5*p**2 - 6*p - 6. Let j be z(-4). Suppose -j*o + 5*o = 2211. Is o composite?
True
Suppose f = -5*f + 24. Suppose 1939 - 767 = f*g. Is g a composite number?
False
Let q be 0/(-2 + (6 - 2)). Suppose 10 = -t + 5*b + 3, -10 = -4*t + b. Suppose 4*u + 3*s - 245 = q, 127 = u + u + t*s. Is u a composite number?
False
Let t = -610 - -1608. Is t composite?
True
Suppose 72 = 4*t - 7*t. Let g = -42 - t. Let m = 33 - g. Is m a composite number?
True
Let t(a) = -a**3 - 4*a**2 - 6*a - 6. Let d(y) = -y**3 - 5*y**2 - 5*y - 5. Let p(c) = -5*d(c) + 4*t(c). Let r be p(-4). Let n = r - 54. Is n prime?
True
Is (2629/22)/((-4)/(-8)) composite?
False
Suppose r - 3882 - 3198 = l, -5*l - 14157 = -2*r. Is r composite?
True
Let b = 81 + -77. Suppose 0*y = 3*y + b*c - 1373, 0 = -3*y - 2*c + 1363. Is y a composite number?
True
Suppose -4*w + 9 = -7. Suppose -w*x - 9*x + 6799 = 0. Is x prime?
True
Let x = 17 + -19. Let d = -2 - x. Suppose d = 8*y - 3*y - 185. Is y prime?
True
Suppose 2*a - 3*d - 6 = -0, 3*d = 4*a - 6. Let z be 1 + 0 + 244 + a. Suppose 3*y - z = k, -449 = -5*y - 5*k - 14. Is y a composite number?
False
Is ((-14)/((-672)/(-208)))/(1/(-537)) a prime number?
False
Let w = 69 - 24. Suppose w = -4*z + 9. Is (-14)/(-63) - 745/z a composite number?
False
Let m = 19210 + -10055. Is m prime?
False
Let w = 1988 + 1861. Is w a composite number?
True
Suppose 229*p + 1497443 = 270*p. Is p prime?
True
Suppose -373417 = 33*h - 1471888. Is h prime?
True
Is (-5)/(-30) - (6 - 392718/36) prime?
True
Suppose 0 = -2*s - 1027 - 1011. Let p = s - -2536. Is p prime?
False
Let g(i) = 51*i**2 + 4*i - 28. Let c = -41 + 34. Is g(c) prime?
False
Suppose -2*h = -4, -4*x = 4*h - 11853 - 20191. Is x composite?
False
Suppose 3*g + 6405 = m + 4*m, -5*g = 0. Is (m/(-14))/(1/(-2)) a prime number?
False
Let k = 18 + -13. Let a = 7 - k. Is a/3 - 815/(-15) composite?
True
Is 7034 + -1*(9 + -8) 